
What is 133 (base 6) in base 8?
71
-2 (base 13) to base 12
-2
What is -5a (base 11) in base 14?
-49
What is 1 (base 11) in base 9?
1
What is -19 (base 11) in base 4?
-110
Convert 1010 (base 2) to base 9.
11
Convert 73 (base 12) to base 7.
153
2021 (base 3) to base 12
51
Convert 4 (base 13) to base 16.
4
Convert 32 (base 7) to base 14.
19
Convert -4 (base 13) to base 10.
-4
-13 (base 14) to base 11
-16
2 (base 13) to base 9
2
What is 4 (base 9) in base 2?
100
Convert 20 (base 7) to base 11.
13
Convert -44 (base 15) to base 8.
-100
Convert a (base 14) to base 12.
a
0 (base 5) to base 11
0
Convert 8 (base 14) to base 5.
13
Convert -11022 (base 3) to base 13.
-8c
Convert 11 (base 3) to base 16.
4
0 (base 5) to base 7
0
What is 1 (base 13) in base 16?
1
What is 5 (base 14) in base 8?
5
What is b (base 16) in base 4?
23
What is 4 (base 12) in base 16?
4
What is 133 (base 7) in base 15?
4d
Convert -5 (base 11) to base 2.
-101
Convert -15 (base 12) to base 13.
-14
What is 12 (base 3) in base 4?
11
Convert -5 (base 16) to base 12.
-5
Convert 226 (base 7) to base 3.
11101
28 (base 13) to base 4
202
Convert 1011000 (base 2) to base 3.
10021
6 (base 11) to base 5
11
-16 (base 7) to base 6
-21
-6 (base 9) to base 2
-110
What is -302 (base 6) in base 7?
-215
Convert 166 (base 8) to base 7.
226
Convert -1 (base 4) to base 6.
-1
Convert -1001010 (base 2) to base 14.
-54
2 (base 7) to base 16
2
What is -11 (base 4) in base 3?
-12
What is -1 (base 12) in base 2?
-1
-52 (base 6) to base 5
-112
Convert 102 (base 5) to base 2.
11011
Convert 65 (base 11) to base 15.
4b
Convert -21 (base 8) to base 5.
-32
167 (base 9) to base 11
11a
Convert 3 (base 15) to base 2.
11
-111 (base 2) to base 8
-7
Convert -3 (base 6) to base 10.
-3
What is -17 (base 10) in base 9?
-18
-31 (base 9) to base 3
-1001
Convert 0 (base 9) to base 12.
0
What is -2 (base 4) in base 6?
-2
-75 (base 8) to base 6
-141
2 (base 3) to base 15
2
Convert 0 (base 10) to base 11.
0
Convert -b (base 14) to base 3.
-102
Convert -621 (base 8) to base 2.
-110010001
What is 101 (base 6) in base 10?
37
What is 49 (base 13) in base 10?
61
What is -16 (base 12) in base 14?
-14
9 (base 13) to base 8
11
What is -12 (base 11) in base 13?
-10
What is -1000 (base 2) in base 11?
-8
What is 0 (base 3) in base 7?
0
-7 (base 13) to base 4
-13
ba (base 14) to base 13
c8
What is 136 (base 9) in base 4?
1302
114 (base 5) to base 3
1021
Convert 2 (base 16) to base 4.
2
-135 (base 12) to base 13
-113
Convert -2 (base 12) to base 16.
-2
Convert 1 (base 9) to base 6.
1
3 (base 10) to base 3
10
What is -34 (base 16) in base 8?
-64
-1202 (base 7) to base 6
-2015
Convert -31 (base 5) to base 9.
-17
What is -10 (base 6) in base 13?
-6
What is -5 (base 15) in base 3?
-12
Convert 0 (base 2) to base 7.
0
What is -10000111 (base 2) in base 14?
-99
-513 (base 6) to base 2
-10111101
-12 (base 11) to base 2
-1101
What is 102 (base 7) in base 9?
56
What is 0 (base 15) in base 4?
0
Convert -12 (base 4) to base 12.
-6
Convert 22 (base 11) to base 2.
11000
42 (base 7) to base 6
50
What is 20 (base 12) in base 16?
18
Convert 310 (base 4) to base 2.
110100
Convert 124 (base 6) to base 3.
1221
-43 (base 5) to base 16
-17
Convert 3 (base 7) to base 9.
3
Convert -11 (base 2) to base 6.
-3
What is -201 (base 10) in base 3?
-21110
63 (base 10) to base 8
77
What is -271 (base 10) in base 3?
-101001
What is -1111001 (base 2) in base 10?
-121
What is 80 (base 13) in base 11?
95
63 (base 13) to base 5
311
Convert -187 (base 15) to base 16.
-160
Convert -12a (base 11) to base 4.
-2121
-5 (base 11) to base 3
-12
Convert 7 (base 16) to base 15.
7
Convert 21 (base 16) to base 12.
29
28 (base 16) to base 6
104
Convert 35 (base 13) to base 16.
2c
Convert -c6 (base 13) to base 2.
-10100010
-c (base 13) to base 10
-12
What is -a (base 12) in base 8?
-12
What is 1 (base 5) in base 9?
1
100 (base 2) to base 5
4
What is 0 (base 16) in base 9?
0
Convert -3 (base 7) to base 12.
-3
What is -4 (base 14) in base 5?
-4
7 (base 16) to base 14
7
Convert -10 (base 8) to base 6.
-12
What is -1 (base 11) in base 13?
-1
Convert 563 (base 7) to base 13.
194
Convert -2 (base 12) to base 5.
-2
20 (base 12) to base 6
40
What is -1 (base 16) in base 4?
-1
-11 (base 12) to base 6
-21
What is -13 (base 9) in base 13?
-c
Convert 6 (base 13) to base 9.
6
19 (base 14) to base 2
10111
What is -2 (base 3) in base 12?
-2
Convert -7 (base 9) to base 6.
-11
Convert -21 (base 4) to base 15.
-9
Convert 8 (base 12) to base 16.
8
-4b (base 13) to base 16
-3f
Convert -2 (base 4) to base 10.
-2
What is -123 (base 4) in base 10?
-27
5 (base 9) to base 15
5
What is 4 (base 6) in base 11?
4
Convert 113 (base 16) to base 13.
182
-20 (base 11) to base 15
-17
Convert 2 (base 7) to base 4.
2
Convert 3 (base 11) to base 6.
3
What is -2 (base 14) in base 2?
-10
-1e (base 15) to base 11
-27
Convert 2 (base 7) to base 5.
2
100 (base 5) to base 16
19
What is -8 (base 16) in base 13?
-8
What is 2 (base 3) in base 11?
2
210 (base 3) to base 16
15
Convert 2 (base 9) to base 16.
2
What is 21 (base 6) in base 9?
14
138 (base 10) to base 11
116
What is 31 (base 5) in base 2?
10000
0 (base 6) to base 10
0
Convert -34 (base 13) to base 5.
-133
Convert -11 (base 2) to base 6.
-3
Convert 13 (base 8) to base 10.
11
What is 3 (base 7) in base 11?
3
What is -1 (base 7) in base 10?
-1
What is -22 (base 6) in base 7?
-20
Convert -63 (base 9) to base 5.
-212
Convert -5 (base 8) to base 13.
-5
Convert -2 (base 3) to base 14.
-2
-ba (base 15) to base 16
-af
Convert -75 (base 8) to base 6.
-141
0 (base 11) to base 10
0
-12 (base 10) to base 5
-22
Convert -1 (base 4) to base 14.
-1
-11 (base 7) to base 15
-8
What is -23a (base 11) in base 10?
-285
1 (base 11) to base 2
1
What is 0 (base 5) in base 6?
0
Convert 3 (base 10) to base 8.
3
-46 (base 14) to base 7
-116
What is -a (base 16) in base 10?
-10
What is -3 (base 15) in base 10?
-3
2 (base 14) to base 15
2
Convert -212 (base 4) to base 10.
-38
What is -d (base 15) in base 9?
-14
What is 116 (base 9) in base 15?
66
525 (base 7) to base 3
100210
Convert -4d (base 14) to base 2.
-1000101
Convert 5 (base 12) to base 8.
5
15 (base 7) to base 10
12
What is -6 (base 11) in base 12?
-6
-10 (base 6) to base 2
-110
Convert 13 (base 4) to base 5.
12
What is 1 (base 6) in base 3?
1
Convert -2 (base 6) to base 5.
-2
-24 (base 9) to base 10
-22
-9 (base 14) to base 9
-10
Convert 2033 (base 4) to base 5.
1033
-3 (base 8) to base 6
-3
What is 3 (base 5) in base 14?
3
Convert 1001 (base 2) to base 12.
9
-47 (base 9) to base 11
-3a
Convert -1002 (base 3) to base 8.
-35
7 (base 16) to base 2
111
0 (base 5) to base 12
0
What is -4 (base 13) in base 11?
-4
What is -a (base 14) in base 10?
-10
Convert 4c (base 13) to base 11.
59
Convert -2 (base 12) to base 15.
-2
Convert 122 (base 14) to base 6.
1014
-135 (base 6) to base 5
-214
Convert -2 (base 16) to base 3.
-2
-107 (base 11) to base 12
-a8
Convert 1a (base 12) to base 5.
42
Convert 22 (base 3) to base 14.
8
20 (base 8) to base 6
24
What is 9 (base 10) in base 9?
10
What is -3 (base 6) in base 16?
-3
Convert 1 (base 7) to base 2.
1
Convert 121 (base 3) to base 7.
22
Convert -1b3 (base 13) to base 14.
-187
What is ad (base 15) in base 14?
b9
8 (base 9) to base 14
8
What is 30 (base 4) in base 5?
22
What is -20 (base 7) in base 15?
-e
6 (base 9) to base 7
6
What is -4 (base 15) in base 7?
-4
What is 101 (base 2) in base 9?
5
-65 (base 8) to base 2
-110101
-48 (base 9) to base 13
-35
What is -243 (base 10) in base 3?
-100000
What is 61 (base 10) in base 13?
49
What is 1 (base 12) in base 7?
1
What is -24 (base 11) in base 9?
-28
Convert 8 (base 12) to base 14.
8
0 (base 13) to base 3
0
Convert 0 (base 5) to base 13.
0
Convert 0 (base 13) to base 7.
0
What is 1212 (base 3) in base 6?
122
Convert 2 (base 6) to base 3.
2
0 (base 4) to base 16
0
-1 (base 7) to base 8
-1
Convert 1001 (base 4) to base 14.
49
-13 (base 9) to base 5
-22
Convert 5 (base 14) to base 3.
12
What is 23 (base 12) in base 10?
27
What is 0 (base 13) in base 9?
0
100 (base 3) to base 8
11
5 (base 7) to base 14
5
Convert -3 (base 10) to base 16.
-3
2 (base 11) to base 13
2
Convert -1 (base 15) to base 8.
-1
What is -13 (base 16) in base 14?
-15
Convert -26 (base 8) to base 7.
